{"id":176,"date":"2021-06-11T19:51:49","date_gmt":"2021-06-11T17:51:49","guid":{"rendered":"https:\/\/makka.at\/?page_id=176"},"modified":"2025-12-29T00:31:40","modified_gmt":"2025-12-28T22:31:40","slug":"home","status":"publish","type":"page","link":"https:\/\/makka.at\/","title":{"rendered":"Home"},"content":{"rendered":"\n<h2 class=\"wp-block-heading has-text-align-center\">Willkommen im Restaurant Makka!<\/h2>\n\n\n\n<p class=\"has-text-align-center ticss-28cf7a2f\">Besuchen Sie uns in gem\u00fctlicher Atmosph\u00e4re gleich neben dem Judenplatz \u2013 Sie k\u00f6nnen in unserem Gastgarten oder in unserem modernen Innenbereich Platz nehmen.<\/p>\n\n\n\n<p class=\"has-text-align-center\">Neben einer vielf\u00e4ltigen Auswahl an hochwertigen Nigiri, Maki und Rolls, bieten wir Ihnen verschiedene Gerichte aus der chinesischen, japanischen, vietnamesischen, taiwanesischen, thail\u00e4ndischen und koreanischen K\u00fcche. Von leichten Sommerrollen bis Bulgogi, von feurigem Rotem Curry bis zum s\u00fc\u00dflichen Mangosalat ist f\u00fcr jeden Geschmack etwas dabei. Begeben Sie sich mit uns auf eine kulinarische Reise durch Ostasien! Ein besonderes Highlight sind auch unsere Fusionsdesserts \u2013 klassische asiatische Desserts mit dem gewissen Extra, wie beispielsweise unsere \u201cAsiatische gebackene Milch\u201d oder unsere &#8220;Bananenrolle mit Kokosdip&#8221;.<\/p>\n\n\n<style id=\"wp_carousel_dynamic_css342\">.sp-wp-carousel-free-id-342.wpcf-fancybox-wrapper .fancybox-bg{background: #0b0b0b;opacity: 0.8;}.sp-wp-carousel-free-id-342.wpcf-fancybox-wrapper .fancybox-navigation .fancybox-button .wpcp-fancybox-nav-arrow i {color: #ccc;}.sp-wp-carousel-free-id-342.wpcf-fancybox-wrapper .fancybox-navigation .fancybox-button .wpcp-fancybox-nav-arrow i:hover {color: #fff;}.sp-wp-carousel-free-id-342.wpcf-fancybox-wrapper .fancybox-navigation .fancybox-button {background: #1e1e1e;}.sp-wp-carousel-free-id-342.wpcf-fancybox-wrapper .fancybox-navigation .fancybox-button:hover {background: #1e1e1e;}#sp-wp-carousel-free-id-342 .wpcp-swiper-dots {margin: 40px 0px 0px 0px;}.wpcp-wrapper-342 .swiper-wrapper .swiper-slide-kenburn, .wpcp-wrapper-342 .swiper-wrapper, .wpcp-wrapper-342 .wpcpro-row{align-items: center;}#sp-wp-carousel-free-id-342 .wpcp-single-item {box-shadow: 0px 0px 0px 0px #dddddd;transition: all .3s;margin: 0px;}#sp-wp-carousel-free-id-342.swiper-flip .wpcp-single-item{margin: 0!important;}#sp-wp-carousel-free-id-342 .wpcp-single-item:hover {box-shadow: 0px 0px 0px 0px #dddddd;}#sp-wp-carousel-free-id-342.sp-wpcp-342 .wpcp-single-item {border: 1px solid #dddddd;}#sp-wp-carousel-free-id-342.sp-wpcp-342 .swiper-button-prev,#sp-wp-carousel-free-id-342.sp-wpcp-342 .swiper-button-next,#sp-wp-carousel-free-id-342.sp-wpcp-342 .swiper-button-prev:hover,#sp-wp-carousel-free-id-342.sp-wpcp-342 .swiper-button-next:hover {background: none;border: none;font-size: 30px;}#sp-wp-carousel-free-id-342.sp-wpcp-342 .swiper-button-prev i,#sp-wp-carousel-free-id-342.sp-wpcp-342 .swiper-button-next i {color: #aaa;}#sp-wp-carousel-free-id-342.sp-wpcp-342 .swiper-button-prev i:hover,#sp-wp-carousel-free-id-342.sp-wpcp-342 .swiper-button-next i:hover {color: #52b3d9;}#sp-wp-carousel-free-id-342.sp-wpcp-342 .wpcp-swiper-dots .swiper-pagination-bullet {background-color: #cccccc;}#sp-wp-carousel-free-id-342.sp-wpcp-342 .wpcp-swiper-dots .swiper-pagination-bullet.swiper-pagination-bullet-active {background-color: #52b3d9;} #sp-wp-carousel-free-id-342.sp-wpcp-342.wpcp-image-carousel .wpcp-single-item:hover img, #sp-wp-carousel-free-id-342.sp-wpcp-342.wpcp-post-carousel .wpcp-single-item:hover img, #sp-wp-carousel-free-id-342.sp-wpcp-342.wpcp-product-carousel .wpcp-single-item:hover img{-webkit-transform: scale(1.2);-moz-transform: scale(1.2);transform: scale(1.2);}@media screen and (max-width: 479px) {#sp-wp-carousel-free-id-342.nav-vertical-center {padding: 0;margin:0;}#sp-wp-carousel-free-id-342.nav-vertical-center .wpcp-next-button,#sp-wp-carousel-free-id-342.nav-vertical-center .wpcp-prev-button {display: none;}}#sp-wp-carousel-free-id-342 .wpcpro-row>[class*=\"wpcpro-col-\"] { padding: 0 10px; padding-bottom: 20px;} #sp-wp-carousel-free-id-342 .swiper-slide .single-item-fade:not(:last-child) { margin-right: 20px;}@media (min-width: 480px) { .wpcpro-row .wpcpro-col-sm-1 { flex: 0 0 100%; max-width: 100%; } .wpcpro-row .wpcpro-col-sm-2 { flex: 0 0 50%; max-width: 50%; } .wpcpro-row .wpcpro-col-sm-2-5 { flex: 0 0 75%; max-width: 75%; } .wpcpro-row .wpcpro-col-sm-3 { flex: 0 0 33.333%; max-width: 33.333%; } .wpcpro-row .wpcpro-col-sm-4 { flex: 0 0 25%; max-width: 25%; } .wpcpro-row .wpcpro-col-sm-5 { flex: 0 0 20%; max-width: 20%; } .wpcpro-row .wpcpro-col-sm-6 { flex: 0 0 16.66666666666667%; max-width: 16.66666666666667%; } .wpcpro-row .wpcpro-col-sm-7 { flex: 0 0 14.28571428%; max-width: 14.28571428%; } .wpcpro-row .wpcpro-col-sm-8 { flex: 0 0 12.5%; max-width: 12.5%; } } @media (max-width: 480px) { .wpcpro-row .wpcpro-col-xs-1 { flex: 0 0 100%; max-width: 100%; } .wpcpro-row .wpcpro-col-xs-2 { flex: 0 0 50%; max-width: 50%; } .wpcpro-row .wpcpro-col-xs-3 { flex: 0 0 33.222%; max-width: 33.222%; } .wpcpro-row .wpcpro-col-xs-4 { flex: 0 0 25%; max-width: 25%; } .wpcpro-row .wpcpro-col-xs-5 { flex: 0 0 20%; max-width: 20%; } .wpcpro-row .wpcpro-col-xs-6 { flex: 0 0 16.6667%; max-width: 16.6667%; } .wpcpro-row .wpcpro-col-xs-7 { flex: 0 0 14.28571428%; max-width: 14.28571428%; } .wpcpro-row .wpcpro-col-xs-8 { flex: 0 0 12.5%; max-width: 12.5%; } } @media (min-width: 736px) { .wpcpro-row .wpcpro-col-md-1 { flex: 0 0 100%; max-width: 100%; } .wpcpro-row .wpcpro-col-md-2 { flex: 0 0 50%; max-width: 50%; } .wpcpro-row .wpcpro-col-md-2-5 { flex: 0 0 75%; max-width: 75%; } .wpcpro-row .wpcpro-col-md-3 { flex: 0 0 33.333%; max-width: 33.333%; } .wpcpro-row .wpcpro-col-md-4 { flex: 0 0 25%; max-width: 25%; } .wpcpro-row .wpcpro-col-md-5 { flex: 0 0 20%; max-width: 20%; } .wpcpro-row .wpcpro-col-md-6 { flex: 0 0 16.66666666666667%; max-width: 16.66666666666667%; } .wpcpro-row .wpcpro-col-md-7 { flex: 0 0 14.28571428%; max-width: 14.28571428%; } .wpcpro-row .wpcpro-col-md-8 { flex: 0 0 12.5%; max-width: 12.5%; } } @media (min-width: 980px) { .wpcpro-row .wpcpro-col-lg-1 { flex: 0 0 100%; max-width: 100%; } .wpcpro-row .wpcpro-col-lg-2 { flex: 0 0 50%; max-width: 50%; } .wpcpro-row .wpcpro-col-lg-3 { flex: 0 0 33.222%; max-width: 33.222%; } .wpcpro-row .wpcpro-col-lg-4 { flex: 0 0 25%; max-width: 25%; } .wpcpro-row .wpcpro-col-lg-5 { flex: 0 0 20%; max-width: 20%; } .wpcpro-row .wpcpro-col-lg-6 { flex: 0 0 16.6667%; max-width: 16.6667%; } .wpcpro-row .wpcpro-col-lg-7 { flex: 0 0 14.28571428%; max-width: 14.28571428%; } .wpcpro-row .wpcpro-col-lg-8 { flex: 0 0 12.5%; max-width: 12.5%; } } @media (min-width: 1200px) { .wpcpro-row .wpcpro-col-xl-1 { flex: 0 0 100%; max-width: 100%; } .wpcpro-row .wpcpro-col-xl-2 { flex: 0 0 50%; max-width: 50%; } .wpcpro-row .wpcpro-col-xl-3 { flex: 0 0 33.22222222%; max-width: 33.22222222%; } .wpcpro-row .wpcpro-col-xl-4 { flex: 0 0 25%; max-width: 25%; } .wpcpro-row .wpcpro-col-xl-5 { flex: 0 0 20%; max-width: 20%; } .wpcpro-row .wpcpro-col-xl-6 { flex: 0 0 16.66667%; max-width: 16.66667%; } .wpcpro-row .wpcpro-col-xl-7 { flex: 0 0 14.28571428%; max-width: 14.28571428%; } .wpcpro-row .wpcpro-col-xl-8 { flex: 0 0 12.5%; max-width: 12.5%; } }<\/style><div class=\"wpcp-carousel-wrapper wpcp-wrapper-342\">\n\t\t<div class=\"wpcp-carousel-content-wrapper\">\n\t<div id=\"sp-wp-carousel-free-id-342\" class=\"wpcp-carousel-section sp-wpcp-342  nav-vertical-center wpcp-image-carousel wpcp-standard\" data-swiper='{ &quot;pagination_type&quot;: &quot;dots&quot;,&quot;accessibility&quot;:true, &quot;spaceBetween&quot;:20, &quot;arrows&quot;:true, &quot;freeMode&quot;: false, &quot;autoplay&quot;:true, &quot;effect&quot;: &quot;&quot;, &quot;centerMode&quot;: false, &quot;autoplaySpeed&quot;:3000, &quot;dots&quot;:true, &quot;infinite&quot;:true, &quot;speed&quot;:600, &quot;pauseOnHover&quot;:true,\n\t\t\t&quot;slidesToShow&quot;:{&quot;lg_desktop&quot;:3, &quot;desktop&quot;: 3, &quot;laptop&quot;: 3, &quot;tablet&quot;: 2, &quot;mobile&quot;: 1}, &quot;responsive&quot;:{&quot;desktop&quot;:1200, &quot;laptop&quot;: 980, &quot;tablet&quot;: 736, &quot;mobile&quot;: 480}, &quot;rtl&quot;:false, &quot;lazyLoad&quot;: &quot;false&quot;, &quot;swipe&quot;: true, &quot;draggable&quot;: true, &quot;swipeToSlide&quot;:false }' dir=\"ltr\">\n\t\t<div class=\"swiper-wrapper\">\n\t\t<div class=\"swiper-slide\">\n\t<div class=\"wpcp-single-item\">\n\t\t\t<div class=\"wpcp-slide-image\">\n\t\t<img loading=\"lazy\" decoding=\"async\" class=\"skip-lazy\" src=\"https:\/\/makka.at\/wp-content\/uploads\/2021\/06\/DSC_0157-scaled.jpg\" alt=\"DSC_0157\" width=\"2560\" height=\"1696\">\t<\/div>\n\t\t<\/div>\n<\/div>\n\t<div class=\"swiper-slide\">\n\t<div class=\"wpcp-single-item\">\n\t\t\t<div class=\"wpcp-slide-image\">\n\t\t<img loading=\"lazy\" decoding=\"async\" class=\"skip-lazy\" src=\"https:\/\/makka.at\/wp-content\/uploads\/2021\/06\/DSC_0231-scaled.jpg\" alt=\"DSC_0231\" width=\"2560\" height=\"1696\">\t<\/div>\n\t\t<\/div>\n<\/div>\n\t<div class=\"swiper-slide\">\n\t<div class=\"wpcp-single-item\">\n\t\t\t<div class=\"wpcp-slide-image\">\n\t\t<img loading=\"lazy\" decoding=\"async\" class=\"skip-lazy\" src=\"https:\/\/makka.at\/wp-content\/uploads\/2021\/06\/DSC_0141-scaled.jpg\" alt=\"DSC_0141\" width=\"2560\" height=\"1696\">\t<\/div>\n\t\t<\/div>\n<\/div>\n\t<div class=\"swiper-slide\">\n\t<div class=\"wpcp-single-item\">\n\t\t\t<div class=\"wpcp-slide-image\">\n\t\t<img loading=\"lazy\" decoding=\"async\" class=\"skip-lazy\" src=\"https:\/\/makka.at\/wp-content\/uploads\/2021\/06\/DSC_0159-scaled.jpg\" alt=\"DSC_0159\" width=\"2560\" height=\"1696\">\t<\/div>\n\t\t<\/div>\n<\/div>\n\t<div class=\"swiper-slide\">\n\t<div class=\"wpcp-single-item\">\n\t\t\t<div class=\"wpcp-slide-image\">\n\t\t<img loading=\"lazy\" decoding=\"async\" class=\"skip-lazy\" src=\"https:\/\/makka.at\/wp-content\/uploads\/2021\/06\/DSC_0022-scaled.jpg\" alt=\"DSC_0022\" width=\"2560\" height=\"1696\">\t<\/div>\n\t\t<\/div>\n<\/div>\n\t<div class=\"swiper-slide\">\n\t<div class=\"wpcp-single-item\">\n\t\t\t<div class=\"wpcp-slide-image\">\n\t\t<img loading=\"lazy\" decoding=\"async\" class=\"skip-lazy\" src=\"https:\/\/makka.at\/wp-content\/uploads\/2021\/06\/DSC_0028-scaled.jpg\" alt=\"DSC_0028\" width=\"2560\" height=\"1696\">\t<\/div>\n\t\t<\/div>\n<\/div>\n\t<div class=\"swiper-slide\">\n\t<div class=\"wpcp-single-item\">\n\t\t\t<div class=\"wpcp-slide-image\">\n\t\t<img loading=\"lazy\" decoding=\"async\" class=\"skip-lazy\" src=\"https:\/\/makka.at\/wp-content\/uploads\/2021\/06\/DSC_0222-scaled.jpg\" alt=\"DSC_0222\" width=\"2560\" height=\"1696\">\t<\/div>\n\t\t<\/div>\n<\/div>\n\t<div class=\"swiper-slide\">\n\t<div class=\"wpcp-single-item\">\n\t\t\t<div class=\"wpcp-slide-image\">\n\t\t<img loading=\"lazy\" decoding=\"async\" class=\"skip-lazy\" src=\"https:\/\/makka.at\/wp-content\/uploads\/2021\/06\/DSC_0132-1-scaled.jpg\" alt=\"DSC_0132\" width=\"2560\" height=\"1696\">\t<\/div>\n\t\t<\/div>\n<\/div>\n\t<div class=\"swiper-slide\">\n\t<div class=\"wpcp-single-item\">\n\t\t\t<div class=\"wpcp-slide-image\">\n\t\t<img loading=\"lazy\" decoding=\"async\" class=\"skip-lazy\" src=\"https:\/\/makka.at\/wp-content\/uploads\/2021\/06\/DSC_0135-scaled.jpg\" alt=\"DSC_0135\" width=\"2560\" height=\"1696\">\t<\/div>\n\t\t<\/div>\n<\/div>\n\t<div class=\"swiper-slide\">\n\t<div class=\"wpcp-single-item\">\n\t\t\t<div class=\"wpcp-slide-image\">\n\t\t<img loading=\"lazy\" decoding=\"async\" class=\"skip-lazy\" src=\"https:\/\/makka.at\/wp-content\/uploads\/2021\/06\/DSC04357-scaled.jpg\" alt=\"DSC04357\" width=\"2560\" height=\"1707\">\t<\/div>\n\t\t<\/div>\n<\/div>\n\t<div class=\"swiper-slide\">\n\t<div class=\"wpcp-single-item\">\n\t\t\t<div class=\"wpcp-slide-image\">\n\t\t<img loading=\"lazy\" decoding=\"async\" class=\"skip-lazy\" src=\"https:\/\/makka.at\/wp-content\/uploads\/2021\/06\/DSC04339-scaled.jpg\" alt=\"DSC04339\" width=\"2560\" height=\"1707\">\t<\/div>\n\t\t<\/div>\n<\/div>\n\t<div class=\"swiper-slide\">\n\t<div class=\"wpcp-single-item\">\n\t\t\t<div class=\"wpcp-slide-image\">\n\t\t<img loading=\"lazy\" decoding=\"async\" class=\"skip-lazy\" src=\"https:\/\/makka.at\/wp-content\/uploads\/2021\/06\/DSC04356-scaled.jpg\" alt=\"DSC04356\" width=\"2560\" height=\"1707\">\t<\/div>\n\t\t<\/div>\n<\/div>\n\t<div class=\"swiper-slide\">\n\t<div class=\"wpcp-single-item\">\n\t\t\t<div class=\"wpcp-slide-image\">\n\t\t<img loading=\"lazy\" decoding=\"async\" class=\"skip-lazy\" src=\"https:\/\/makka.at\/wp-content\/uploads\/2021\/06\/DSC_0067-scaled.jpg\" alt=\"DSC_0067\" width=\"2560\" height=\"1696\">\t<\/div>\n\t\t<\/div>\n<\/div>\n\t<div class=\"swiper-slide\">\n\t<div class=\"wpcp-single-item\">\n\t\t\t<div class=\"wpcp-slide-image\">\n\t\t<img loading=\"lazy\" decoding=\"async\" class=\"skip-lazy\" src=\"https:\/\/makka.at\/wp-content\/uploads\/2021\/06\/DSC_0042-scaled.jpg\" alt=\"DSC_0042\" width=\"2560\" height=\"1696\">\t<\/div>\n\t\t<\/div>\n<\/div>\n\t<div class=\"swiper-slide\">\n\t<div class=\"wpcp-single-item\">\n\t\t\t<div class=\"wpcp-slide-image\">\n\t\t<img loading=\"lazy\" decoding=\"async\" class=\"skip-lazy\" src=\"https:\/\/makka.at\/wp-content\/uploads\/2021\/06\/DSC_0045-scaled.jpg\" alt=\"DSC_0045\" width=\"2560\" height=\"1696\">\t<\/div>\n\t\t<\/div>\n<\/div>\n\t<div class=\"swiper-slide\">\n\t<div class=\"wpcp-single-item\">\n\t\t\t<div class=\"wpcp-slide-image\">\n\t\t<img loading=\"lazy\" decoding=\"async\" class=\"skip-lazy\" src=\"https:\/\/makka.at\/wp-content\/uploads\/2021\/06\/DSC04419-scaled.jpg\" alt=\"DSC04419\" width=\"2560\" height=\"1707\">\t<\/div>\n\t\t<\/div>\n<\/div>\n\t<div class=\"swiper-slide\">\n\t<div class=\"wpcp-single-item\">\n\t\t\t<div class=\"wpcp-slide-image\">\n\t\t<img loading=\"lazy\" decoding=\"async\" class=\"skip-lazy\" src=\"https:\/\/makka.at\/wp-content\/uploads\/2021\/06\/DSC_0202-scaled.jpg\" alt=\"DSC_0202\" width=\"2560\" height=\"1696\">\t<\/div>\n\t\t<\/div>\n<\/div>\n\t<div class=\"swiper-slide\">\n\t<div class=\"wpcp-single-item\">\n\t\t\t<div class=\"wpcp-slide-image\">\n\t\t<img loading=\"lazy\" decoding=\"async\" class=\"skip-lazy\" src=\"https:\/\/makka.at\/wp-content\/uploads\/2021\/06\/DSC_0181-scaled.jpg\" alt=\"DSC_0181\" width=\"2560\" height=\"1696\">\t<\/div>\n\t\t<\/div>\n<\/div>\n\t<div class=\"swiper-slide\">\n\t<div class=\"wpcp-single-item\">\n\t\t\t<div class=\"wpcp-slide-image\">\n\t\t<img loading=\"lazy\" decoding=\"async\" class=\"skip-lazy\" src=\"https:\/\/makka.at\/wp-content\/uploads\/2021\/06\/DSC_0109-scaled.jpg\" alt=\"DSC_0109\" width=\"2560\" height=\"1696\">\t<\/div>\n\t\t<\/div>\n<\/div>\n\t<div class=\"swiper-slide\">\n\t<div class=\"wpcp-single-item\">\n\t\t\t<div class=\"wpcp-slide-image\">\n\t\t<img loading=\"lazy\" decoding=\"async\" class=\"skip-lazy\" src=\"https:\/\/makka.at\/wp-content\/uploads\/2021\/06\/DSC_0105-scaled.jpg\" alt=\"DSC_0105\" width=\"2560\" height=\"1696\">\t<\/div>\n\t\t<\/div>\n<\/div>\n\t<div class=\"swiper-slide\">\n\t<div class=\"wpcp-single-item\">\n\t\t\t<div class=\"wpcp-slide-image\">\n\t\t<img loading=\"lazy\" decoding=\"async\" class=\"skip-lazy\" src=\"https:\/\/makka.at\/wp-content\/uploads\/2021\/06\/DSC_0172-scaled.jpg\" alt=\"DSC_0172\" width=\"2560\" height=\"1696\">\t<\/div>\n\t\t<\/div>\n<\/div>\n\t<div class=\"swiper-slide\">\n\t<div class=\"wpcp-single-item\">\n\t\t\t<div class=\"wpcp-slide-image\">\n\t\t<img loading=\"lazy\" decoding=\"async\" class=\"skip-lazy\" src=\"https:\/\/makka.at\/wp-content\/uploads\/2021\/06\/DSC_0015-scaled.jpg\" alt=\"DSC_0015\" width=\"2560\" height=\"1696\">\t<\/div>\n\t\t<\/div>\n<\/div>\n\t<div class=\"swiper-slide\">\n\t<div class=\"wpcp-single-item\">\n\t\t\t<div class=\"wpcp-slide-image\">\n\t\t<img loading=\"lazy\" decoding=\"async\" class=\"skip-lazy\" src=\"https:\/\/makka.at\/wp-content\/uploads\/2021\/06\/DSC04366-scaled.jpg\" alt=\"DSC04366\" width=\"2560\" height=\"1707\">\t<\/div>\n\t\t<\/div>\n<\/div>\n\t<div class=\"swiper-slide\">\n\t<div class=\"wpcp-single-item\">\n\t\t\t<div class=\"wpcp-slide-image\">\n\t\t<img loading=\"lazy\" decoding=\"async\" class=\"skip-lazy\" src=\"https:\/\/makka.at\/wp-content\/uploads\/2021\/06\/DSC04400-scaled.jpg\" alt=\"DSC04400\" width=\"2560\" height=\"1707\">\t<\/div>\n\t\t<\/div>\n<\/div>\n\t\t\t<\/div>\n\t\t\t\t\t<div class=\"wpcp-swiper-dots swiper-pagination\"><\/div>\n\t\t\t\t<!-- If we need navigation buttons -->\n\t\t\t\t\t<div class=\"wpcp-prev-button swiper-button-prev\"><i class=\"fa fa-angle-left\"><\/i><\/div>\n\t\t\t<div class=\"wpcp-next-button swiper-button-next\"><i class=\"fa fa-angle-right\"><\/i><\/div>\n\t\t\t<\/div>\n\t<\/div>\n<\/div>\n\n\n\n\n<p><\/p>\n","protected":false},"excerpt":{"rendered":"<p>Willkommen im Restaurant Makka! Besuchen Sie uns in gem\u00fctlicher Atmosph\u00e4re gleich neben dem Judenplatz \u2013 Sie k\u00f6nnen in unserem Gastgarten oder in unserem modernen Innenbereich Platz nehmen. Neben einer vielf\u00e4ltigen Auswahl an hochwertigen Nigiri, Maki und Rolls, bieten wir Ihnen verschiedene Gerichte aus der chinesischen, japanischen, vietnamesischen, taiwanesischen, thail\u00e4ndischen und koreanischen K\u00fcche. Von leichten Sommerrollen [&hellip;]<\/p>\n","protected":false},"author":1,"featured_media":0,"parent":0,"menu_order":0,"comment_status":"closed","ping_status":"closed","template":"","meta":{"footnotes":""},"class_list":["post-176","page","type-page","status-publish","hentry"],"_links":{"self":[{"href":"https:\/\/makka.at\/index.php?rest_route=\/wp\/v2\/pages\/176","targetHints":{"allow":["GET"]}}],"collection":[{"href":"https:\/\/makka.at\/index.php?rest_route=\/wp\/v2\/pages"}],"about":[{"href":"https:\/\/makka.at\/index.php?rest_route=\/wp\/v2\/types\/page"}],"author":[{"embeddable":true,"href":"https:\/\/makka.at\/index.php?rest_route=\/wp\/v2\/users\/1"}],"replies":[{"embeddable":true,"href":"https:\/\/makka.at\/index.php?rest_route=%2Fwp%2Fv2%2Fcomments&post=176"}],"version-history":[{"count":42,"href":"https:\/\/makka.at\/index.php?rest_route=\/wp\/v2\/pages\/176\/revisions"}],"predecessor-version":[{"id":1234,"href":"https:\/\/makka.at\/index.php?rest_route=\/wp\/v2\/pages\/176\/revisions\/1234"}],"wp:attachment":[{"href":"https:\/\/makka.at\/index.php?rest_route=%2Fwp%2Fv2%2Fmedia&parent=176"}],"curies":[{"name":"wp","href":"https:\/\/api.w.org\/{rel}","templated":true}]}}